 + 6, 5*d - 575 = -r + 6*r. Calculate the remainder when 46 is divided by 206/13 + 18/d.
14
Let f = 208 - 196. Suppose 5*d - 23 + 3 = 0. Let i = d + 3. What is the remainder when f is divided by i?
5
What is the remainder when 166 is divided by (-10)/12*-2 - 676/(-12)?
50
Let f(m) = 2*m + 5. What is the remainder when 184 is divided by f(6)?
14
Calculate the remainder when 8*(-114)/(-4) + -1 + -1 is divided by 23.
19
Suppose -7*t + 574 = 196. Calculate the remainder when 863 is divided by t.
53
Suppose 3*x + x = -g + 243, -5*x + 5*g = -335. Calculate the remainder when 220 is divided by x.
34
Suppose k - 9 - 2 = 3*v, 0 = -4*k + v + 33. Let a = 0 + k. What is the remainder when 14 is divided by a?
6
Let b be ((-28)/(-35))/(2/10). Let n(r) = 8*r**2 - r - 1. What is the remainder when n(b) is divided by 37 - (-5)/(20/(-24))?
30
Let k(h) = -h**2 - 48*h - 137. What is the remainder when k(-42) is divided by 30?
25
Let h(k) = 5*k**2 + 18*k + 1. What is the remainder when h(-10) is divided by 54?
51
Let x = 4 - -11. What is the remainder when 52/(-260) - (564/(-20) + 1) is divided by x?
12
Suppose 0 = 5*c - 30*c + 2575. Calculate the remainder when c is divided by 26.
25
Let n = 2054 - 1664. Calculate the remainder when n is divided by 28.
26
Let u(a) = 9*a**2 + 2*a + 2. Let y(x) = -x**2 - 7*x + 1. Calculate the remainder when u(-2) is divided by y(-6).
6
Suppose -80*p - 4016 = -96*p. Calculate the remainder when p is divided by 16.
11
Suppose -6*w + 2*w = -420. Suppose -w = -o - 2*o. Suppose -37 = -4*u + 39. Calculate the remainder when o is divided by u.
16
Let h = 18 - -14. Suppose 25 = -5*a - 5*j, 5*j = a + 2*a + 23. Calculate the remainder when 14 is divided by a/8 - (-120)/h.
2
Let v(c) = -8*c + 4. Let r(w) = -7*w + 3. Let s(y) = -3*r(y) + 2*v(y). Suppose -3*z - 25 = -8*z. What is the remainder when s(z) is divided by 7?
3
Suppose 3*m - 6 = 0, -k - 3*m + 27 = 10. Calculate the remainder when 1 + 21 - 15/(-3) is divided by k.
5
Suppose -2*n = n + 2*t + 4, -3*n - 3*t - 6 = 0. Suppose n = 2*h + 4*h - 120. Calculate the remainder when 59 is divided by h.
19
Let o(k) = -321*k + 11 + 318*k - 33. Suppose 2*q = -2*t - 34, -3*t + 5*q - 85 = 2*t. What is the remainder when o(t) is divided by 16?
13
Let r be -13 - -10 - 0/1. Let j = r + 16. Calculate the remainder when j is divided by 8 + 2 + -4 + (5 - 3).
5
What is the remainder when -6*3/6 - (-74 - 2) is divided by 45?
28
Let j(i) be the third derivative of -i**5/60 - i**4/3 + 5*i**3/6 - 7*i**2. Let o = -8 + 20. Calculate the remainder when o is divided by j(-8).
2
Suppose 14*k = 2*k + 288. Calculate the remainder when ((-69)/(-6))/(2/12) is divided by k.
21
Suppose -47*a = -51*a - 3*y + 34, 2*a + 3*y = 14. Let u(g) = 48*g**2 - 1. Let l be 0 - -1*(-2)/(-2). What is the remainder when u(l) is divided by a?
7
What is the remainder when 208 is divided by (20*9/16)/(12/80)?
58
Let v(p) = 33*p + 110. Let j(l) = -l**3 + l + 40. Let q be j(0). Let x = 94 - q. Calculate the remainder when x is divided by v(-3).
10
Suppose 7*t = 12*t - 50. Calculate the remainder when 135 is divided by t.
5
Let m(w) = -27*w - 3. Let x be m(-5). Suppose 9 = -3*l + x. Calculate the remainder when 78 is divided by l.
37
Let u be (3/((-3)/(-8)))/(-16 - -15). Let k(j) = -j**2 - 7*j + 26. What is the remainder when k(u) is divided by 5?
3
Let z be (-26)/(-5) - (-1)/(-5). Suppose z*u - 3*a - 63 = -2*a, 12 = 2*u + 4*a. Suppose 7*j - 131 - 57 = 3*j. Calculate the remainder when j is divided by u.
11
Let q be (1 + -152)*(-7)/7. Suppose -q = 2*m - 409. Suppose -4*b + m + 187 = 0. Calculate the remainder when b is divided by 20.
19
Suppose -w + 4*c + 11 = 0, -c + 46 = w + 2*c. Let m(p) = -19*p + 6*p + p**2 + 8 + p**2 - 3*p**2. What is the remainder when w is divided by m(-13)?
7
Let u(r) be the third derivative of -3*r**2 + 1/12*r**4 - 5/2*r**3 + 0*r + 0. What is the remainder when 27 is divided by u(15)?
12
Let a = 2434 + -2391. Calculate the remainder when 179 is divided by a.
7
Let d = 137 - 135. Let w(s) = 3*s**2 - 4*s + 7. What is the remainder when w(d) is divided by 1?
0
Let w(v) = v**2 - 5*v + 5. Let i = -7 - -12. Let o be w(i). Suppose -o*g = -77 + 12. What is the remainder when 36 is divided by g?
10
Calculate the remainder when 261*(-1 - (-6)/3) is divided by 24.
21
Let m = -454 + 830. What is the remainder when 76 is divided by 3/(-7) + m/28?
11
Suppose 7*p - 12*p = -160. Calculate the remainder when 14/(2/p*4) is divided by 19.
18
Suppose 2*b - 12 = -3*q, 6 = 4*b - 3*q - 0. Suppose 0 = b*f - f. Suppose f = -2*p + 7 + 13. Calculate the remainder when 28 is divided by p.
8
Suppose -12*c - 16*c + 2816 = 4*c. Suppose -4*g = g - 150. Calculate the remainder when c is divided by g.
28
Let m(w) = -6*w - 3. Let a(s) = -s**2 + 27*s - 124. What is the remainder when m(-5) is divided by a(7)?
11
Let y(u) = -23*u - 4. Let q(n) = -760*n - 133. Let h(k) = 4*q(k) - 133*y(k). Let m = 118 + -83. What is the remainder when m is divided by h(1)?
16
Suppose -w - 5*y + 13 = 0, 0*y + 8 = -4*y. Let m(t) = 2*t**3 - 6*t**2 - 11*t - 1. Calculate the remainder when m(5) is divided by w.
21
Suppose 3*x + 0*x = -5*y + 18, -5*x + 2*y = -30. Let m(z) = -z**3 + 5*z**2 + 6*z + 3. What is the remainder when 3 is divided by m(x)?
0
Suppose 422 = -7*n + 1388. Let y = -75 + n. Calculate the remainder when y is divided by 32.
31
Suppose -5*t = -2*d - 68 - 17, -3*d + 68 = 4*t. What is the remainder when t is divided by 4?
1
Suppose -6*d + 98 = -3*d - y, 2*y = -10. What is the remainder when 90 is divided by d?
28
Let b(d) = 2*d**2 - 8*d + 60. What is the remainder when 279 is divided by b(5)?
69
Suppose -777 - 1701 = -14*q. What is the remainder when q is divided by 45?
42
Suppose -756 = -8*m + 2068. What is the remainder when m is divided by 72?
65
Let p(d) = -3*d - 21. Let i be p(-4). Let r(c) = 3*c + 37. Let x(u) = 30*u**2 - 2*u + 1. Calculate the remainder when x(1) is divided by r(i).
9
Let m(v) = 2*v**2 + 10*v + 129. What is the remainder when m(28) is divided by 90?
87
Let g(q) = -q**3 - 4*q**2 + 6*q + 6. Let p be g(-5). Let t be 8/(12/(-8) + p). Let o = t + 23. What is the remainder when 26 is divided by o?
5
Let s(r) = 6*r + 89. Suppose 3*g + g - 12 = 0. Calculate the remainder when s(-14) is divided by g.
2
Suppose 0 = -2*a + 5*z + 181, -5*z - 278 - 89 = -4*a. Let q = a - 23. Suppose -25*r - 1 = 2*k - 30*r, -r = -k + 7. What is the remainder when q is divided by k?
10
Let r(g) = g**3 + g + 1. Let h be r(2). Suppose h*d + 5*d = 240. Let u = 16 + -8. What is the remainder when d is divided by u?
7
Let i = 33 - 24. Let q = i + 78. Suppose 5*m + 17 = q. Calculate the remainder when 26 is divided by m.
12
Let h(y) = -5*y - 7*y**2 + 15*y**2 - 5*y**2 - 2 - 2*y**2. What is the remainder when 22 is divided by h(7)?
10
Suppose -29*n + 391 + 44 = 0. Suppose 3*o - 55 = 2*h + 63, 3*h = 5*o - 198. Calculate the remainder when o is divided by n.
12
Suppose 10*b + 431 = 531. Let q = 2 + 5. Calculate the remainder when b is divided by q.
3
Suppose h = 20 + 9. Calculate the remainder when 37 is divided by h.
8
Let b(r) = -10 + 3 + 0*r + 7*r**2 + r**3 - r. Let q be b(-7). Suppose -6*u + 4*u + 122 = q. Calculate the remainder when u is divided by 16.
13
Let y = -82 + 211. Calculate the remainder when y is divided by 42.
3
Let b(g) = -61*g - 661. Calculate the remainder when 279 is divided by b(-12).
66
Let k = 11 - 17. Let i = 19 + k. Let m = -5 + i. Calculate the remainder when 23 is divided by m.
7
Let i(z) = -4*z - 107. What is the remainder when 4 is divided by i(-27)?
0
Let z(y) = -y**2 + 9*y + 7. Let t be z(11). Let a be (12/t)/((-10)/75). Suppose -a*l - 315 = -11*l. What is the remainder when l is divided by 16?
15
Suppose 0 = 2*x - 2*q - 142 - 14, x = 3*q + 74. Calculate the remainder when x is divided by 13.
2
Suppose -5*j + 5*n + 26 = -j, 4*n = -2*j. Suppose o = -j*o + 20. Suppose 5*h = 3*m - 23, 4*m - 5*m = -3*h - 9. Calculate the remainder when m is divided by o.
2
Suppose -4*m = -m. Suppose 61 = 2*i + 5*d, m = -i - d - d + 32. Suppose 4*c + 31 = -3*z + 123, -3*c + 52 = -2*z. What is the remainder when i is divided by c?
18
Suppose 21*p - 16*p = 1030. What is the remainder when p is divided by 52?
50
Let k = -33 - -77. What is the remainder when k is divided 